of 2269808123?
False
Does 1657 divide 230156941?
False
Does 27 divide 343386486?
True
Does 8 divide 32496856?
True
Is 17 a factor of 313204226?
True
Does 2031 divide 147730878?
True
Is 1925524 a multiple of 191?
False
Is 79042656 a multiple of 777?
True
Is 37111680 a multiple of 576?
True
Does 249 divide 1484434197?
False
Is 3316 a factor of 264474212?
True
Is 15602726 a multiple of 3?
False
Does 1238 divide 22224576?
True
Is 4040739136 a multiple of 86?
False
Is 3945324 even?
True
Is 56865610 a multiple of 36?
False
Is 70134928 a multiple of 6?
False
Does 6 divide 58441911?
False
Does 1032 divide 14847133?
False
Is 3016613 a multiple of 18?
False
Is 242367984 a multiple of 16?
True
Does 14 divide 803211261?
False
Is 29816189 a multiple of 2?
False
Is 5296198875 a multiple of 31?
True
Is 31 a factor of 938467?
False
Is 5986 a factor of 1597394030?
True
Does 13 divide 108562194?
True
Is 65074317 a multiple of 15?
False
Does 11 divide 2078889?
False
Does 327 divide 63522328?
False
Is 219355721 a multiple of 1147?
True
Is 2925864952 a multiple of 2172?
False
Is 161182563 a multiple of 29?
False
Is 129592728 a multiple of 82?
False
Does 1367 divide 23774864?
True
Does 19 divide 103570380?
False
Does 74 divide 3302954184?
True
Does 700 divide 339185210?
False
Is 381 a factor of 797296968?
False
Is 2872842 a multiple of 15?
False
Does 1683 divide 589324911?
False
Does 1753 divide 2331690359?
False
Is 52718516 a multiple of 14?
False
Is 3855513 a multiple of 8?
False
Is 65 a factor of 116341420?
True
Is 410485786 a multiple of 79?
False
Is 19 a factor of 11369201?
True
Is 315 a factor of 811175601?
False
Is 215 a factor of 24827031?
False
Is 46359033 a multiple of 2228?
False
Does 16 divide 15346656?
True
Does 775 divide 63246761?
False
Is 73 a factor of 296061720?
True
Is 783 a factor of 35871552?
False
Does 13 divide 23118001?
False
Is 57296909 a multiple of 1881?
False
Is 21 a factor of 110529480?
False
Is 50 a factor of 59261881?
False
Is 52581215 a multiple of 1450?
False
Is 3773363 a multiple of 315?
False
Is 3219 a factor of 239059166?
False
Is 35 a factor of 15217329?
False
Is 2 a factor of 2702930?
True
Does 1249 divide 379764411?
False
Is 577734149 a multiple of 25?
False
Is 29190880 a multiple of 80?
True
Does 1935 divide 2102009850?
True
Is 106126842 a multiple of 10?
False
Does 182 divide 34646430?
True
Is 5584 a factor of 772775344?
True
Does 850 divide 6760050?
True
Is 4 a factor of 3201107?
False
Is 11451008 a multiple of 110?
False
Is 3549 a factor of 2267296395?
True
Does 18 divide 154071900?
True
Is 7 a factor of 15918950?
False
Is 1536288 a multiple of 416?
True
Does 363 divide 190128057?
False
Is 97680356 a multiple of 3?
False
Does 1212 divide 362935390?
False
Is 1484 a factor of 593815840?
False
Is 568 a factor of 223613648?
True
Is 94 a factor of 35256205?
False
Is 378110898 a multiple of 25?
False
Is 14 a factor of 4227790?
True
Does 4 divide 8733350?
False
Does 17 divide 439634178?
True
Does 68 divide 16828840?
False
Does 207 divide 14179117?
False
Is 23 a factor of 16226942?
False
Is 2173227206 a multiple of 5?
False
Does 107 divide 30650257?
True
Is 14 a factor of 492583504?
True
Is 540072913 a multiple of 5?
False
Does 537 divide 470626800?
True
Is 114335872 a multiple of 1139?
False
Is 65348184 a multiple of 11?
True
Is 891055095 a multiple of 838?
False
Is 1014119926 a multiple of 9238?
True
Is 2006101967 a multiple of 4949?
False
Is 416 a factor of 213427552?
True
Is 6 a factor of 83035596?
True
Does 474 divide 16610856?
True
Is 973 a factor of 46957953?
True
Does 101 divide 266357402?
True
Is 2035679730 a multiple of 67?
False
Is 235 a factor of 887262240?
True
Does 282 divide 566485215?
False
Is 33 a factor of 132081279?
True
Does 747 divide 195808446?
False
Is 36133416 a multiple of 198?
True
Is 14 a factor of 80817520?
True
Does 8 divide 861824?
True
Does 63 divide 1111297486?
False
Is 1050 a factor of 2775343200?
True
Is 1648311750 a multiple of 4275?
True
Is 152 a factor of 59652856?
True
Does 492 divide 2255169287?
False
Does 81 divide 121518444?
False
Is 25879664 a multiple of 4376?
True
Does 67 divide 58904122?
True
Does 4081 divide 1250071515?
True
Is 34 a factor of 19566469?
False
Does 18 divide 33961192?
False
Does 18 divide 15471360?
True
Is 10 a factor of 54310520?
True
Does 9 divide 143125438?
False
Does 889 divide 17553305?
True
Is 26 a factor of 157930970?
False
Is 104 a factor of 143456649?
False
Is 827695997 a multiple of 13?
False
Does 230 divide 142059516?
False
Does 12 divide 358409136?
True
Is 26156200 a multiple of 34?
True
Is 5 a factor of 119402130?
True
Does 179 divide 5523551?
False
Does 172 divide 438196532?
False
Does 17 divide 524513818?
True
Does 917 divide 270998259?
True
Is 627926208 a multiple of 26?
True
Is 740712324 a multiple of 516?
True
Is 8269506 a multiple of 1834?
True
Is 2969 a factor of 2287841072?
False
Is 1659 a factor of 189272523?
False
Is 150 a factor of 550928883?
False
Is 5657 a factor of 454101525?
False
Is 1181 a factor of 1531404579?
False
Does 418 divide 12479847?
False
Is 1135144658 a multiple of 94?
True
Does 5032 divide 313101669?
False
Does 33 divide 12045720?
False
Is 66 a factor of 140215086?
True
Is 8 a factor of 68723648?
True
Is 29464296 a multiple of 8?
True
Is 980523777 a multiple of 2309?
True
Is 3199983906 a multiple of 38?
False
Does 217 divide 226072553?
True
Is 2536 a factor of 3661503?
False
Is 5596 a factor of 35654780?
False
Does 655 divide 22081360?
True
Is 3118379603 a multiple of 248?
False
Is 2515697783 a multiple of 731?
False
Is 27 a factor of 146297205?
True
Does 1175 divide 35990759?
False
Is 290659833 a multiple of 767?
False
Does 14 divide 8266062?
True
Is 6924463 a multiple of 738?
False
Is 58 a factor of 148098766?
True
Is 13 a factor of 243471004?
False
Does 23 divide 689258069?
False
Is 41 a factor of 3996378209?
False
Is 26 a factor of 188629267?
False
Is 118492014 a multiple of 440?
False
Is 43 a factor of 355458898?
True
Is 25 a factor of 2578954?
False
Is 557029130 a multiple of 70?
True
Does 6951 divide 2503826661?
True
Does 61 divide 140521189?
False
Does 629 divide 4125495893?
True
Is 17 a factor of 1042873178?
False
Is 2103 a factor of 4367606011?
False
Is 62905467 a multiple of 5?
False
Is 55107515 a multiple of 7?
False
Is 305937276 a multiple of 126?
False
Does 5 divide 197120763?
False
Is 1451375059 a multiple of 1731?
False
Is 437 a factor of 10931118?
True
Does 414 divide 833761569?
False
Is 98121225 a multiple of 2109?
True
Is 192468227 a multiple of 1445?
False
Is 298 a factor of 1370518370?
False
Is 3192 a factor of 29439816?
True
Does 16 divide 15739695?
False
Is 16840577 a multiple of 373?
True
Is 1711 a factor of 69248676?
False
Is 44 a factor of 283464245?
False
Is 37 a factor of 198554141?
False
Does 1623 divide 599314097?
False
Is 465602323 a multiple of 139?
True
Does 134 divide 1196954196?
True
Does 1781 divide 11076039?
True
Does 632 divide 192935163?
False
Is 9951654 a multiple of 103?
True
Is 1977 a factor of 342015575?
False
Does 2773 divide 2803669380?
True
Is 3223 a factor of 590833914?
True
Is 627707947 a multiple of 163?
True
Is 59631592 a multiple of 36?
False
Is 4371 a factor of 1094090679?
False
Does 225 divide 76821300?
True
Is 3657998224 a multiple of 83?
False
Does 616 divide 45792792?
False
Is 92454224 a multiple of 66?
False
Is 225880996 a multiple of 11?
True
Is 73 a factor of 76209708?
False
Is 542 a factor of 1426669744?
True
Is 94 a factor of 3973571?
False
Is 383 a factor of 594524405?
False
Is 465 a factor of 5124300?
True
Is 1130 a factor of 540605560?
True
Is 660259618 a multiple of 190?
False
Is 86135057 a multiple of 3792?
False
Is 9 a factor of 43025922?
True
Is 391 a factor of 430189016?
False
Is 94840439 a multiple of 499?
True
Is 154 a factor of 101878785?
False
Does 5215 divide 206321045?
True
Is 21609976 a multiple of 1103?
True
Is 13955470 a multiple of 17?
True
Is 12448080 a multiple of 540?
True
Is 623 a factor of 149163477?
False
Is 96797134 a multiple of 63?
False
Does 28 divide 943496786?
False
Does 20 divide 201490908?
False
Is 3 a factor of 12212995?
False
Is 11 a factor of 181171218?
False
Does 2330 divide 13171490?
True
Does 177 divide 13021182?
True
Does 599 d